f) = 14*f**2 - 2*f - 36. Let r be t(-5). Let m = r - 28. What are the prime factors of m?
2, 37
Let f(p) = -10*p**3 - 15*p**2 + 11*p + 2. Let y(z) = -5*z**3 - 8*z**2 + 6*z + 1. Let r(u) = 4*f(u) - 7*y(u). What are the prime factors of r(-5)?
2, 3, 43
Let b be -2 - -4 - (0 + 2). Suppose b = 5*f + 1 - 6. What are the prime factors of (((-12)/16)/1)/(f/(-140))?
3, 5, 7
List the prime factors of 31/(3906/118980)*7.
2, 5, 661
Let g = 2240 - -6131. List the prime factors of g.
11, 761
Suppose -2*l - x = -84, -4*l - l - 2*x + 208 = 0. Suppose -v + p + l = 0, -7 + 111 = 3*v + p. Suppose -5*g - v = -101. What are the prime factors of g?
13
Let b(t) = t**2 - 3*t + 1. Let r be (0 - (-1)/4) + 1/(-4). Let c be b(r). What are the prime factors of 7752/60 + c/(-5)?
3, 43
Let o be (4 - 845/10)*(-55 + -1). Suppose -13*d = 10*d - o. What are the prime factors of d?
2, 7
Suppose 0 = -3*l - 9, -338*l = -4*v - 343*l + 34517. List the prime factors of v.
89, 97
Let v(z) = 284*z - 4. Let r be v(5). Let u be (r/(-9))/(4/(-6)). Let k = 354 - u. What are the prime factors of k?
2, 59
Let z(i) = -2*i + 51. Let r be z(13). Suppose r*f + 11312 = 39*f. List the prime factors of f.
2, 101
Let k(y) = 736*y**2 + 8*y - 26. List the prime factors of k(4).
2, 43, 137
Suppose 4*i - 20962 = -5*j, 6*j + 26186 = 5*i + 4*j. List the prime factors of i.
2, 3, 97
Suppose 14*c + 33074 - 143898 = 0. List the prime factors of c.
2, 1979
Let p be -1*8 + (-45 - -51). What are the prime factors of p - 18*7/(-14)?
7
Suppose 4*u - 9*u - 661 = -t, t - 685 = -u. Suppose -6*b = -3759 + t. List the prime factors of b.
3, 19
Let x be (-8)/(1 + 3) - -1*7. Suppose -4 = -5*u + 4*o, 4*u + o = -x + 4. Suppose -633 = -3*r + 6*v - 9*v, u = -v + 5. List the prime factors of r.
2, 103
Suppose -5*a - 5*p = -41460 - 29550, -a + 2*p = -14190. List the prime factors of a.
2, 31, 229
Let b(z) be the first derivative of -4*z**2 + 3*z + 170. Let r be 6*(-2 - 6/4). List the prime factors of b(r).
3, 19
Suppose 2*f = 5*g - 1015, g - 185 = 4*f + 36. Suppose z - 2*q - g = 0, 5*z = q + 891 + 105. What are the prime factors of z?
199
Let w(h) = -352*h**3 - 6*h**2 - 6*h + 4. Let b be w(-2). Suppose -12249 + b = -9*k. What are the prime factors of k?
1049
Let l = -57925 + 83804. List the prime factors of l.
7, 3697
Let i = 14409 - -19655. List the prime factors of i.
2, 2129
What are the prime factors of ((-349685)/(-95) - 4/(-38)) + 7?
2, 461
Let k be ((-8)/5)/(14/(-1505)). List the prime factors of k/3*(-360)/(-60).
2, 43
Let o(h) = 14*h**2 - 3*h - 3. Let a be o(-6). Suppose 5*z - 79*f - 1800 = -84*f, -4*z + 1446 = -2*f. Let l = a - z. List the prime factors of l.
2, 79
Let z(w) = 10*w**3 - 14*w**2 + w - 13. Let q(l) = 29*l**3 - 41*l**2 + 2*l - 38. Let j(s) = 3*q(s) - 8*z(s). List the prime factors of j(6).
2, 547
Let k(h) = 12 + 51*h - 5 - 48. Suppose 0 = 3*b + 9*b - 18*b + 36. List the prime factors of k(b).
5, 53
Let o(s) = 43*s**2 - 37*s - 203. List the prime factors of o(-6).
1567
Let r(p) = -15*p + 26. Let o be r(6). Let z = -64 - o. What are the prime factors of (-104 - z/1)*-1?
2, 13
List the prime factors of 2/40*112388 - (-6)/(-15).
3, 1873
What are the prime factors of (-6 - -3)/(2/((-2120)/12))?
5, 53
Suppose 0 = 5*b - 3*s - 574, 2*s - 584 = -5*b - 0*s. Suppose 0 = -3*h - 5*y - b, 2 = -5*y - 18. List the prime factors of -4*(-2)/(h/(-116)).
29
Let t(n) = -4704*n + 50. List the prime factors of t(-2).
2, 4729
Suppose -2*l + l - 3 = 0. Let w be (-2)/4*(l + 1). List the prime factors of w + -5 - (-6 - (200 - -2)).
2, 3, 17
Let v(l) = -12595*l + 36. What are the prime factors of v(-1)?
17, 743
Let j be ((-4)/28)/((-2)/8078). Let z = j - 21. What are the prime factors of z?
2, 139
List the prime factors of -12*(-112399)/378 + (-4)/18.
2, 223
Suppose 9*f = 20*f + 2596. Let s = 163 - f. What are the prime factors of s?
3, 7, 19
Let b(j) = 22*j**2 + 5*j + 10. Let s = 148 + -150. What are the prime factors of b(s)?
2, 11
Suppose 0 = 20*b - 271503 + 95443. What are the prime factors of b?
8803
Let r = 52 - 50. Suppose -r*k + 1280 = -2*d, 3*k - 1900 = -0*k - 2*d. Suppose -3*q - 3*p = -6*p - 642, 3*q - k = p. List the prime factors of q.
211
Let t = 529 + -312. Suppose 3141 = -t*v + 226*v. What are the prime factors of v?
349
Let f be 9*(-5)/(-15) + 42. Let y = 47 - f. Suppose -z + 5*k + 60 = 0, y*k + 3*k = 25. What are the prime factors of z?
5, 17
Let l(d) = -10*d**3 + 140*d**2 + 37*d + 20. List the prime factors of l(14).
2, 269
Suppose 2*n = -n - 5*n. Suppose -23*u + 181 + 16448 = n. What are the prime factors of u?
3, 241
Let d be ((-2)/(-3))/((-2)/(-480)). Suppose d*b - 169*b + 4923 = 0. What are the prime factors of b?
547
Suppose 102*v - 310 = 100*v. Let m = v + 165. What are the prime factors of m?
2, 5
Let d be (-20)/(-8) - 12/(-8). Suppose -d*u = -4, -p - u - 2*u = -145. List the prime factors of p.
2, 71
Suppose 0*o - 3 = 3*o, -2*g = -2*o - 4. Let u be 60/(-5)*(-74)/(-4). What are the prime factors of ((-13172)/u)/((-1)/(-3)*g)?
2, 89
Let q(s) = -36*s**2 - 588*s - 4. List the prime factors of q(-15).
2, 179
Suppose 5*m - 95 = 2*q + 3*q, -5 = -5*q. Suppose m*h - 31*h = -1144. List the prime factors of h.
2, 13
Let d(c) = -3*c**3 + 4*c**2 + 6*c + 5. Let n(l) = 5 + 3 - 2*l - 4 - 5*l**2 - 5. Let u be n(-1). What are the prime factors of d(u)?
3, 79
Let a(x) = x**3 + 8*x**2 - x - 6. Let b(n) = n**2 + 2*n - 3. Let r be b(-3). Suppose r = 8*j + 27 + 29. List the prime factors of a(j).
2, 5
Let m(c) = 554*c - 386. What are the prime factors of m(7)?
2, 3, 97
Let x = 831 + -489. Suppose x*p + 306 = 343*p. List the prime factors of p.
2, 3, 17
Let l(i) = 67*i - 2741. What are the prime factors of l(63)?
2, 5, 37
Let n = -74 + 76. Suppose 4*y - n*u = 252, -2*y = -25*u + 29*u - 146. What are the prime factors of y?
5, 13
Suppose -3*u + 2*u + 6 = 0. Suppose -u*r = 3*r - 90. Suppose -6*g + 28 = r. List the prime factors of g.
3
Let a be ((-78)/(-9)*3)/(-1). Let l = a + 31. Suppose 0 = l*p + 4*y - 155, 5*p - 125 = 3*y - y. What are the prime factors of p?
3
Suppose -188*o = -81*o - 417300. List the prime factors of o.
2, 3, 5, 13
Suppose -153 = -4*i - 5*k - 42, -5*i - k + 165 = 0. Let y = i - 29. Suppose 300 + 220 = y*c. List the prime factors of c.
2, 13
Let m = -2 - -2. Let o(s) = 2*s + 31*s**2 + 149 + 0*s - 32*s**2 + s + 6*s. What are the prime factors of o(m)?
149
Let o = -109 - -115. Suppose -o*k + 1236 = -864. List the prime factors of k.
2, 5, 7
Let j(k) = k**2 - k. Let o(r) = r**3 + 15*r**2 - 7*r - 1. Let p(h) = -3*j(h) + o(h). Let s be 1*(-15)/25 - (-171)/(-15). What are the prime factors of p(s)?
47
Let i = 25781 - -1587. What are the prime factors of i?
2, 11, 311
Suppose -10*l - 45*l + 369490 = 0. List the prime factors of l.
2, 3359
Let g(b) = 6*b - 14. Let f be g(20). Let v(y) = 13*y + 8. Let u be v(2). Suppose -5*k + f = w + u, 310 = 4*w - 2*k. List the prime factors of w.
7, 11
Let u = 16641 - 1626. What are the prime factors of u?
3, 5, 7, 11, 13
Let v(f) = -f + 4. Let j be v(2). Suppose 12 = w + j*w. Suppose -4*k = k + 4*d - 1080, 0 = -w*k + d + 885. List the prime factors of k.
2, 5, 11
Suppose 28*l - 27*l = 50*l - 351722. What are the prime factors of l?
2, 37, 97
Suppose -10*x + 103 = -17. List the prime factors of ((-12585)/4)/(-5) + 9/x.
2, 3, 5, 7
Let n = 244 - -158. Suppose -n = -13*s + 1171. Let g = -104 + s. List the prime factors of g.
17
Suppose -90*x + 83 = -91*x. Let o = x - -280. What are the prime factors of o?
197
Suppose -2*o - 2*o + 284 = 0. Let v = 14 - o. List the prime factors of 4/6 - 931/v.
17
Suppose 0 = x - 1333 - 1146. Let s = x + -1471. List the prime factors of s.
2, 3, 7
Suppose 3*j - i = 199 + 3313, 0 = -j - i + 1172. List the prime factors of j.
1171
Suppose 9*y = 4*y - 6750. Let l = 1985 + y. Suppose 11*r - 2060 = l. List the prime factors of r.
5, 7
Let q(w) = 7*w**2 - 3*w + 17. Let a be q(11). Let g = a - 445. List the prime factors of g.
2, 193
Let h = 2385 + 7464. What are the prime factors of h?
3, 7, 67
Suppose 10*v + 2114 = 11*v. What are the prime factors of (v/(-4) + 3)/(5/(-10))?
1051
Let c = 25200 + -6089. List the prime factors of c.
29, 659
Let o(y) = 10*y**3 - 7*y**2 - 46*y + 292. List the prime factors of o(5).
3, 379
Suppose 3*s = 3*l - 1335, -3*s = l -